-73). Calculate the highest common divisor of s and 544.
17
Suppose -277 = -5*s - c - 106, -2*s = -5*c - 63. Let b(a) = -19*a - 56. Let f be b(-11). What is the greatest common divisor of f and s?
17
Let m be (37947/35 - -4) + 4/(-20). Calculate the highest common factor of m and 80.
16
Suppose -16*m - 18*m + 11*m = -421682. What is the greatest common divisor of m and 178?
178
Suppose -11*c = 387 - 5172. What is the highest common factor of 120 and c?
15
Suppose -4*n + 0*n + w + 571 = 0, 2*n + 4*w = 308. Suppose -j - 2*r = -83, -5*r - 67 - 2 = -j. Let b = j - 63. Calculate the greatest common divisor of n and b.
16
Let r(m) = m**2 - 3*m + 9. Let f be r(5). Let a = 972 + -953. Calculate the highest common divisor of a and f.
19
Suppose 2*i = -3*r + 33, 0 = 2*r - 5*i + 25 - 28. Let f be 1/3*r - -22. Calculate the highest common divisor of f and 125.
25
Suppose 41*c - 38*c - 55*c + 7436 = 0. What is the highest common factor of 539 and c?
11
Let p be (2 - -1) + 432/8. Let b = -7 + 9. Suppose 0 = -2*u - b*u - 3*i + 213, 0 = -u - 2*i + p. What is the highest common factor of 34 and u?
17
Let y(v) = -3*v - 194. Let s(z) = z + 98. Let a(g) = -5*s(g) - 3*y(g). Let b be a(-13). Calculate the greatest common factor of b and 16.
8
Suppose -3*k + 2*n - 2096 = -5*k, n = -5. Suppose 11*j = 19*j - 14*j + 78. Calculate the greatest common factor of k and j.
13
Let c = 179 - 177. Suppose 5*w - 1110 = 5*p, c*w - 3*p + 654 = 5*w. Calculate the highest common factor of 44 and w.
44
Let n = -351 + 95. Let f = n + 656. What is the greatest common factor of 5 and f?
5
Suppose 4*l - 401 = 2*s - 1203, 3*l - 406 = -s. Calculate the highest common divisor of s and 155.
31
Let n be (627/(-9) + 6)*3*-1. Suppose 4*t - n = -63. Calculate the greatest common factor of 224 and t.
32
Let p be (17/3)/(((-57)/(-144))/19). Let h = p + -247. Calculate the highest common factor of 45 and h.
5
Let v = -2551 - -2557. Calculate the highest common factor of 186 and v.
6
Suppose 2*j + 4*k = 66, 45 = 3*j - 3*k - 81. Let b = 16 + -19. Let d be 28 - 2/(-3)*b. What is the highest common divisor of j and d?
13
Let u be (-5411670)/(-2783) - (-6)/(-11). What is the highest common factor of u and 24?
24
Let l = -6212 - -12040. What is the highest common divisor of l and 376?
188
Let f be -56 + 39 - -12 - (1 + -55). What is the greatest common divisor of f and 17?
1
Let j(t) = 3*t**2 - 4*t + 3. Let a be j(3). Let z(s) = -2*s**2 - 24*s - 7. Let f be z(-16). Let n = 159 + f. What is the highest common divisor of n and a?
6
Suppose 2*t + 6 = 0, 3*t = -3*a - 31 + 16. Let q be (-5)/(((-2)/(-20))/(3/a)). What is the highest common divisor of 75 and q?
75
Let b = 71 + -66. Suppose -5*w - b*u = -45, -w + 4*u = -2 - 17. What is the greatest common divisor of 77 and w?
11
Let g(b) = -16*b - 83. Let a(v) = 9*v + 41. Let r(k) = 11*a(k) + 6*g(k). Let i be r(28). Calculate the highest common factor of 407 and i.
37
Suppose 5*w - 13691 = 2*j, 4878 - 13101 = -3*w - 3*j. Calculate the greatest common factor of w and 33.
33
Suppose 2*d - 29 = 4*j + 5, 48 = 2*d + 3*j. Let i be (10/(-3))/((d/54)/(-7)). Calculate the highest common divisor of i and 45.
15
Let z = -100 - -101. Suppose -8*b = -7*b + 4*t - 24, t + 4 = b. What is the greatest common divisor of b and z?
1
Let i be (18/15)/(9/120*4). Let q be (-16)/i*27*16/(-24). Calculate the greatest common factor of q and 72.
72
Suppose b + 0*b = 20. Let f(g) = -2*g**2 - 23*g + 16. Let r be f(-12). Let u be (-486)/(-3) + (r - 6). What is the greatest common factor of u and b?
20
Let i(a) = -a**2 - 22*a + 45. Let m(x) = 2*x**2 + 43*x - 90. Let k(d) = -7*i(d) - 4*m(d). Let r be k(-16). What is the greatest common factor of 21 and r?
7
Suppose -6*s = -8 - 4. Let g be s - (-84)/(-54) - 3012/(-27). What is the greatest common factor of 7 and g?
7
Suppose -2*w = 161 - 301. Suppose w = 9*z - 2. What is the highest common divisor of 648 and z?
8
Suppose -5*u + 2*p + 1 = 0, -5*u + 2*u + 13 = 5*p. Let l = -250 + 204. Let i be ((-1)/2)/(l/184). Calculate the highest common factor of i and u.
1
Let a(g) = 26*g**3 - 27*g + 22. Let c be a(4). What is the greatest common factor of c and 6?
6
Suppose 315015 = 14*k - 59789 - 15250. Calculate the highest common factor of 111 and k.
111
Suppose -5*g = -5*f + 405, 3*f + 161 - 398 = g. Suppose 69*s - f*s = -9. Calculate the greatest common factor of s and 113.
1
Let i be (-4964)/(-18) - (6000/216 + -28). Calculate the greatest common divisor of 168 and i.
12
Let f = 36 + -105. Let j = f - -57. Let y = j - -56. What is the greatest common divisor of 88 and y?
44
Let m be -4*(10 - 7)*1/(6/(-40)). Calculate the highest common factor of m and 72.
8
Suppose 121 = -42*l + 646 - 21. What is the greatest common factor of 13248 and l?
12
Suppose -21*k - 4*k = -3*k - 1892. Calculate the highest common factor of 946 and k.
86
Suppose 0 = 11*t + 75*t - 672434. Calculate the greatest common factor of t and 7.
7
Let s be ((-4)/(-6) - (-5434)/(-78))*-6. Let t = s - 372. What is the highest common factor of t and 210?
42
Suppose m + 2*m + 2*t = 210, 5*t = 0. Let b be ((-84)/(-24))/((-4)/(-32)). What is the highest common factor of m and b?
14
Let l(k) = k**2 - 93*k - 2592. Let q be l(117). What is the greatest common divisor of q and 576?
72
Let s = -7716 - -8010. Calculate the highest common factor of s and 12.
6
Suppose 3*u - 3*d = -2*d + 304, 3*u - 3*d - 312 = 0. Let w = u - 80. Let h be 1 + (3 - -213 - -3). What is the greatest common divisor of w and h?
20
Let m = 46 + -43. Suppose -m*b + 5*k + 1089 = 251, 0 = 2*b - 2*k - 564. What is the greatest common divisor of 26 and b?
26
Let l(r) = 223 + 54 - 21*r - 45 + 25*r. Let k be l(-35). What is the highest common divisor of k and 46?
46
Let h = -537 - -464. Let r = 2 - h. Calculate the greatest common factor of r and 105.
15
Suppose -38*d + 10789 = 27*d - 8516. What is the greatest common divisor of 36 and d?
9
Suppose -5*g + 9*g = -4*j - 476, 0 = -2*j - 2. Let t = 53 - g. What is the highest common factor of 19 and t?
19
Let j = -709 + 681. Let g(o) = o + 70. Let x be g(0). Let i = j + x. Calculate the highest common factor of 14 and i.
14
Suppose -90 = -5*i + 3*g, 3*g + 16 = 1. Suppose 12*r + 72 = i*r. What is the greatest common factor of 24 and r?
24
Suppose -2*t + 2 = 5*b, -5*t + 4*b = -7 + 2. Let m(q) = 2*q**3 - q**2 - 3*q + 5. Let r be m(3). Calculate the highest common divisor of r and t.
1
Let p = 116 - 72. Suppose 19 = l - p. Calculate the greatest common divisor of l and 18.
9
Let s(w) = 12*w**2 - 8*w - 7. Suppose -2*a + y - 4 = 0, -y + 4 = -3*a - 1. Let z be s(a). Calculate the greatest common factor of 78 and z.
13
Let i(r) = 735*r - 5812. Let q be i(12). What is the highest common factor of 448 and q?
64
Let j = -63 + 267. Suppose -9*k - j = -11*k. What is the greatest common divisor of 6 and k?
6
Suppose -31 = -2*m + l - 19, -2*m + 20 = 3*l. Let t(w) = w**2 - 3*w - 22. Let v be t(m). What is the greatest common factor of 57 and v?
3
Suppose -333*m + 444217 = 116*m + 16769. What is the highest common factor of m and 374?
34
Let m(s) = 2*s**3 - 6*s**2 + 10*s - 11. Let g(x) = -x**3 - 3*x**2 - x - 17. Let v be g(-4). Let p be m(v). Calculate the highest common factor of p and 95.
19
Suppose 5*g = 4*r - 133, 3*g = 2*r - r - 35. Suppose -2*p = 5*a - 3*a - 44, p = 2*a - r. Let o = 50 - 32. What is the highest common divisor of o and a?
18
Let s = 48 - 54. Let h be 7/21 + 8/s. Let a be (48 - (-5 - h)) + 2. Calculate the highest common divisor of a and 18.
18
Let p = 8864 - 8352. What is the greatest common factor of p and 2432?
128
Suppose -52*a + 53*a = -3, -2*i = -5*a - 475. What is the highest common factor of 7935 and i?
115
Let z(s) = -28*s + 2774. Let n be z(68). What is the greatest common factor of 120 and n?
30
Let z(q) = q**3 - q. Let c be z(2). Suppose 601 = -5*m + 641. Let p be ((-4)/m)/(((-21)/18)/7). What is the greatest common factor of p and c?
3
Suppose -19*u - 5*h = -14*u - 10735, -4*h = -5*u + 10735. What is the highest common factor of u and 452?
113
Suppose -3*n - k = -117, 4*k + 112 + 5 = 3*n. What is the greatest common divisor of n and 19?
1
Suppose -2*a + 2*o = 12, a - 3*o = 2*o - 2. Let p(g) = -14*g - 82. Let m be p(a). Calculate the highest common divisor of 400 a